. Suppose -4*s = 2*c, 3 = -u*s + 2*c - 6. Let r(f) = 9*f. Give r(s).
-9
Let j = -13308 + 13312. Let c(a) be the third derivative of -1/6*a**3 + 1/20*a**6 - 18*a**2 + 0 + 0*a**5 + 0*a + 0*a**j. Calculate c(-1).
-7
Let n = 99 + -147. Let l be n/18 + 1/(-3) + 0. Let i(q) = 4*q + 5. Let o be i(l). Let u(s) = s**2 + 5*s - 3. Calculate u(o).
11
Let k(a) = -a**3 + 8*a**2 - 10*a - 3. Let g(w) = -2*w**3 - 7*w - 11*w + 15*w**2 + 232 - 237. Let r(m) = -3*g(m) + 5*k(m). What is r(3)?
-6
Suppose -1136 = 1296*m - 1580*m. Let w(x) = -x**3 + 6*x**2 - 7*x + 7. Determine w(m).
11
Let y(c) = -2*c**2 + 5*c + 5. Suppose 26 = -13090*u + 13077*u. What is y(u)?
-13
Let w = -1072 - -1104. Let n(o) = -o**2 + 30*o + 66. Give n(w).
2
Let s(h) = -h - 6. Let v(u) = 8*u + 13. Let d(a) = -18*a - 27. Let f(k) = -2*d(k) - 5*v(k). Let j(m) = 3*f(m) - 5*s(m). Determine j(-2).
11
Let c(m) = -11*m + 92*m - 10*m + 3*m**2 - 78*m - 106. Determine c(7).
-8
Let w be (-2 - (-5)/2)/((-7)/(-658)). Let d(f) = 7*f + 4 + 86*f**2 - 38*f**2 - 2*f - w*f**2. Suppose 2*p = -3*p - 20. Determine d(p).
0
Suppose 5*w + 0*b = 2*b + 27, w - b - 3 = 0. Let g(i) = 15*i + 6 + i**3 - w*i**2 - 10*i**2 + i**2. Give g(15).
6
Let z(j) = -37*j**3 - 11*j**2 - 25*j - 22. Let f(h) = 11*h**3 + 3*h**2 + 8*h + 7. Let t(s) = 10*f(s) + 3*z(s). Determine t(-5).
29
Let x(r) = 173*r**3 - r + 1. Let h be x(1). Let m = h + -167. Let b(l) = 8 - l**2 - 1 + 0*l + 5*l. Give b(m).
1
Let q be (-39)/(-21) - (-228)/(-266). Let d(k) = -24*k**3 + 2*k - 1. What is d(q)?
-23
Let z = 5712 + -5720. Let x(f) = f**3 + 6*f**2 - 14*f + 9. What is x(z)?
-7
Let c(b) = b**3 + 8*b**2 + 4*b - 9. Let f = 562 + -586. Let z = 41 - 72. Let y = z - f. What is c(y)?
12
Let o(p) = -2 + 31*p - 66*p + 11*p**2 + 47*p. Let u(w) = 9*w**2 + 11*w. Let l(n) = -4*o(n) + 5*u(n). Let f be (-26)/4 - (-1)/(-2). Determine l(f).
8
Let n be 5 - (0 - ((-26)/(-22) - 10/55)). Let z(c) = c**2 - 12*c + 38. Determine z(n).
2
Let y(n) = n**2 - n + 10. Let t(c) = c**2 - c + 9. Let i(l) = 3*t(l) - 4*y(l). Let w(u) = 2*u**2 - 2*u + 25. Let z(r) = 7*i(r) + 4*w(r). What is z(0)?
9
Let k be ((-9184)/(-6))/(-7)*(-1 - 2). Let y(f) = -3*f - 657 + 4*f + k. What is y(1)?
0
Let u(s) = -2*s + 8. Suppose 0*d + d + 2*l = 11, -4*l = 3*d - 29. Let n(w) = -w**2 + 16*w - 23. Let g be n(d). Suppose 0 = -7*h + 2*h + g. Give u(h).
-8
Suppose 8744 - 9049 = -61*u. Let d(y) = 0*y**2 - 1 + 0*y - 5*y + 2*y**2. What is d(u)?
24
Let u(x) = 4*x**2 - 2*x - 2. Let y be 4/(36/63)*-1. Let i be 4/(-6)*21/y. Calculate u(i).
10
Let u(y) be the second derivative of 4*y**4/3 + 73*y**3/3 + 11*y**2/2 - 80*y - 16. Determine u(-9).
-7
Let h(t) = t**2 - 7*t + 1. Let l be h(8). Let v(b) be the third derivative of -b**6/120 + 2*b**5/15 + 7*b**4/24 + 2*b**3 + 487*b**2 + 3. Determine v(l).
-6
Suppose 0 = -d - 3*d + s + 5, 0 = 4*d - 4*s - 20. Let w(f) = 69*f + 1. Let y(c) = -38*c. Let g(o) = 6*w(o) + 11*y(o). Give g(d).
6
Let i(h) = -23*h - 47. Let g(f) = -278*f - 565. Let n(r) = 2*g(r) - 25*i(r). Give n(-10).
-145
Let q(u) = u**2 + 2*u + 1. Let o(z) = -z - 77. Let r be o(0). Let j = r + 75. Let g be 24/(-4)*j/(-4). Give q(g).
4
Suppose 4*n - 28 = -2*y - 2, 2*n - 35 = -3*y. Let l(f) be the first derivative of -f**3/3 + 6*f**2 - 12*f + 24673. What is l(y)?
-1
Let r = 411 - 409. Let t(a) = 1 - 13184*a**2 + r + 4*a + 13181*a**2. Calculate t(-3).
-36
Let i(p) be the third derivative of -p**6/120 + 7*p**5/60 - p**4/8 + 7*p**3/6 - 605*p**2. Calculate i(7).
-14
Suppose -5*s + 64 = 2*u + 24, 2*s + 3 = 3*u. Let w(i) = -i**2 - 3*i + 9. Determine w(s).
-45
Let s(g) = g**3 - 21*g**2 + 20*g - 13. Let p = -229 - -249. Let y be s(p). Let d(j) = -2*j - 24. Determine d(y).
2
Let l(u) = u**2 - 6*u + 2. Let r(h) be the first derivative of h - 1/2*h**2 + 7. Let s(t) = l(t) - 3*r(t). Determine s(4).
3
Let a be ((-21)/3)/((-16)/16) - 5. Let h(r) = 14*r + 18. What is h(a)?
46
Suppose 79*t = -4*t + 21*t + 248. Let i(z) = -z**3 - 3*z**2 + 21*z + 7. Give i(t).
-21
Let y = -13 - -5. Let n(x) be the second derivative of -x**5/20 - 2*x**4/3 - 11*x**2/2 + 490*x. Calculate n(y).
-11
Let l(g) = g**3 + 5*g**2 - 6*g. Suppose 35*h + 168 = 36*h. Let k = h - 174. Give l(k).
0
Suppose -14 + 1680 = 34*j. Let o(y) = -39 + 5*y**2 - y**3 - j - 45 + 140. Give o(5).
7
Let h(c) = 6*c**2 + 2*c - 2*c. Let u be ((-2)/(-11) - (-70)/(-22)) + 2/(-1). Let s(k) = -7*k**2 + k. Let y(w) = u*h(w) - 4*s(w). Determine y(-3).
-6
Let s(p) be the third derivative of p**4/8 + p**3/3 + 31*p**2. Suppose x - 13 = 5*o + 4, 0 = 2*x + 6. What is s(o)?
-10
Let j(f) = -f**3 - f. Let b(z) be the first derivative of 11*z**4/4 + z**3/3 + 5*z**2/2 - z - 57. Let x(q) = -b(q) - 5*j(q). What is x(-1)?
6
Let n(x) = -x**2 - x. Suppose 64*w = 58*w - 6. Let c(k) = -7*k**2 - 14*k - 9. Let f(o) = w*c(o) + 6*n(o). Determine f(-6).
-3
Let k(g) = -g. Let f(y) = -3*y - 20. Let z be f(-7). Suppose 4*h + i + z = 0, 4*h + 3 = i - 4. Let q(s) = 6*s + 3. Let j(a) = h*q(a) - 4*k(a). Calculate j(-4).
5
Let h(u) = -12*u + 66. Let y be 7*(1936/154)/22. Calculate h(y).
18
Suppose -95*b = 265*b - 2520. Let s(v) = -v**2 + 13*v - 15. Let w(u) = u - 1. Let x(r) = -s(r) + 6*w(r). Determine x(b).
9
Let s(t) = t**2 - 18*t - 16. Let l be s(19). Suppose -l = -3*a - 3*b, -3*a + 6*b - 8*b + 1 = 0. Let z(r) = 4*r + r + r + 1. What is z(a)?
-5
Let j be 1 + 11 + -11 + 8/(-2) + 5. Let p(l) = 16*l**2 - 16*l + 3. Give p(j).
35
Suppose 0*i + 2*l = 5*i, -2*i - 16 = -4*l. Let a(t) = -3*t**i - 4*t - 3 + 11*t**2 - 6*t - t**3 + 4*t. Calculate a(7).
4
Let t(i) be the third derivative of -6*i**2 - i**3 + 1/10*i**5 + 3/8*i**4 + 0 - 1/120*i**6 + 0*i. Suppose -5*p + 13 = 4*r, -36 = -3*r + 9*p - 4*p. Give t(r).
8
Let m(w) = w**3 - 4*w**2 - 6*w - 4. Let x be (-72)/(-15) + (-4)/6*9/(-30). What is m(x)?
-9
Let y be (-363)/(-22)*20/3. Suppose y = 5*g + 5*g. Let t = g + -8. Let j(q) = q**3 - q**2 - 5*q + 4. What is j(t)?
7
Let m(i) = 2*i**2 + 13*i - 6. Let n be (-4)/(-72) - (-11 - (-1417)/234). What is m(n)?
109
Let m(d) = d**3 - 15*d**2 + 160*d - 381. Let r be m(3). Suppose -3*p - 7*y = -5*y - 4, -3*p = y - 2. Let a(f) = -2*f + f - 9 + p*f. What is a(r)?
0
Let j(r) = 2*r - 7. Let g be j(4). Suppose -d + g = -3. Let m(a) = -6*a - 7 - a**3 - 4 - 1 + 6*a**2 + 15. Give m(d).
11
Suppose -b = -0*b. Let s(a) be the second derivative of -a**5/60 - a**4/24 + 3*a**3/2 - 26*a**2 + a. Let t(u) be the first derivative of s(u). What is t(b)?
9
Let t(p) = 4*p + 4. Let x(w) = -16*w - 14. Let m(v) = -16*t(v) - 5*x(v). What is m(1)?
22
Suppose -4*o - 11 - 49 = 0. Let l(q) = -3*q**3 - 16*q**2 + 32*q - 37. Let a(x) = 10*x**3 + 49*x**2 - 104*x + 137. Let m(v) = 2*a(v) + 7*l(v). Determine m(o).
0
Let z(k) = -12*k - 8. Let m(j) = 3*j**2 - 28*j + 8. Suppose 0*t = -7*t + 63. Let u be m(t). Let v be z(u). Let y(n) = -n - 5. Determine y(v).
-9
Suppose -36 = -5*c - 3*l, 3*l = 5*c - 26 - 28. Let y(k) = k**2 - 4507 - 9*k + 2327 + 2183. Determine y(c).
3
Let v = 9999 + -10000. Let b(s) = 5*s**3 + 3*s**2 + s - 2. What is b(v)?
-5
Let v = 389 - 186. Let j(o) = 51 - v + 39 + 49 + 49 + 2*o. Give j(7).
-1
Let z(j) = -j. Let r be z(2). Let f(o) = -6047850 + 6*o - 22*o + 6047851. What is f(r)?
33
Suppose k = 2*z - 81, 4*z - 3*k = 182 - 19. Let p(c) = 8*c - z + 25 + 16. Calculate p(-1).
-7
Let y(o) = 5*o + 116. Let k(n) = -n**2 + 90*n - 1564. Let l be k(67). What is y(l)?
1
Let u(f) be the second derivative of -31*f**3/3 - 250*f**2 + 3200*f. Give u(-8).
-4
Let c(l) = 18*l**3 + l. Let w(j) be the third derivative of -j**4/4 + 5*j**3/6 + 6*j**2 + 4. Let q be w(1). What is c(q)?
-19
Let i(v) = -v. Let n(x) = 2*x**3 - 43*x**2 - 21*x - 19. Suppose -2*p = p - 66. Let q be n(p). Give i(q).
-3
Suppose 2*c + 3*c + 4*n - 150 = 0, 2*c - n - 60 = 0. Let h = c - 30. Let u be 0/10*(1 + h). Let j(i) = i + 1. Determine j(u).
1
Let w(x) = -2*x. Suppose s + 1043 = -6*s. Let o = -83 - s. Let m = 67 - o. What is w(m)?
-2
Let f(o) = -o**2 + 9*o. Let i be f(7). Let b(s) = s**3 - 12*s**2 - 27*s - 11. Calculate b(i).
3
Let q(f) = 29*f + 438. Let h be q(-15). Let n(v) be the first derivative of -4/3*v**h + 10 + 1/2*v**2 - v - 1/4*v**4. Calculate n(-4).
-5
Let h be (-35)/9 - 1 - (44/(-99))/(-4). Let m(p) = p**2 + 20*p + 69. What is m(h)?
-6
Let y(x) be the third derivative of x**5/60 + 7*x**4/12 - 5*x**3/6 - 7